{"id":56,"date":"2025-03-19T12:07:57","date_gmt":"2025-03-19T11:07:57","guid":{"rendered":"http:\/\/stmn.tn\/?page_id=56"},"modified":"2025-03-19T12:07:57","modified_gmt":"2025-03-19T11:07:57","slug":"congres-annuel-de-la-stmn-2024","status":"publish","type":"page","link":"http:\/\/stmn.tn\/index.php\/congres-annuel-de-la-stmn-2024\/","title":{"rendered":"Congr\u00e8s annuel de la STMN 2024"},"content":{"rendered":"\n<figure class=\"wp-block-gallery has-nested-images columns-default is-cropped wp-block-gallery-1 is-layout-flex wp-block-gallery-is-layout-flex\">\n<figure class=\"wp-block-image size-large\"><img fetchpriority=\"high\" decoding=\"async\" width=\"1024\" height=\"768\" data-id=\"57\" src=\"http:\/\/stmn.tn\/wp-content\/uploads\/2025\/03\/482241900_710342938325937_4496033879421593586_n-1024x768.jpg\" alt=\"\" class=\"wp-image-57\" srcset=\"http:\/\/stmn.tn\/wp-content\/uploads\/2025\/03\/482241900_710342938325937_4496033879421593586_n-1024x768.jpg 1024w, http:\/\/stmn.tn\/wp-content\/uploads\/2025\/03\/482241900_710342938325937_4496033879421593586_n-300x225.jpg 300w, http:\/\/stmn.tn\/wp-content\/uploads\/2025\/03\/482241900_710342938325937_4496033879421593586_n-768x576.jpg 768w, http:\/\/stmn.tn\/wp-content\/uploads\/2025\/03\/482241900_710342938325937_4496033879421593586_n-1536x1152.jpg 1536w, http:\/\/stmn.tn\/wp-content\/uploads\/2025\/03\/482241900_710342938325937_4496033879421593586_n.jpg 1600w\" sizes=\"(max-width: 1024px) 100vw, 1024px\" \/><\/figure>\n\n\n\n<figure class=\"wp-block-image size-large\"><img decoding=\"async\" width=\"1024\" height=\"763\" data-id=\"58\" src=\"http:\/\/stmn.tn\/wp-content\/uploads\/2025\/03\/482224511_710342864992611_880420853168376889_n-1024x763.jpg\" alt=\"\" class=\"wp-image-58\" srcset=\"http:\/\/stmn.tn\/wp-content\/uploads\/2025\/03\/482224511_710342864992611_880420853168376889_n-1024x763.jpg 1024w, http:\/\/stmn.tn\/wp-content\/uploads\/2025\/03\/482224511_710342864992611_880420853168376889_n-300x224.jpg 300w, http:\/\/stmn.tn\/wp-content\/uploads\/2025\/03\/482224511_710342864992611_880420853168376889_n-768x572.jpg 768w, http:\/\/stmn.tn\/wp-content\/uploads\/2025\/03\/482224511_710342864992611_880420853168376889_n.jpg 1048w\" sizes=\"(max-width: 1024px) 100vw, 1024px\" \/><\/figure>\n\n\n\n<figure class=\"wp-block-image size-large\"><img decoding=\"async\" width=\"1024\" height=\"768\" data-id=\"59\" src=\"http:\/\/stmn.tn\/wp-content\/uploads\/2025\/03\/482246643_710342834992614_6284434103398843781_n-1024x768.jpg\" alt=\"\" class=\"wp-image-59\" srcset=\"http:\/\/stmn.tn\/wp-content\/uploads\/2025\/03\/482246643_710342834992614_6284434103398843781_n-1024x768.jpg 1024w, http:\/\/stmn.tn\/wp-content\/uploads\/2025\/03\/482246643_710342834992614_6284434103398843781_n-300x225.jpg 300w, http:\/\/stmn.tn\/wp-content\/uploads\/2025\/03\/482246643_710342834992614_6284434103398843781_n-768x576.jpg 768w, http:\/\/stmn.tn\/wp-content\/uploads\/2025\/03\/482246643_710342834992614_6284434103398843781_n.jpg 1280w\" sizes=\"(max-width: 1024px) 100vw, 1024px\" \/><\/figure>\n\n\n\n<figure class=\"wp-block-image size-large\"><img loading=\"lazy\" decoding=\"async\" width=\"1024\" height=\"768\" data-id=\"62\" src=\"http:\/\/stmn.tn\/wp-content\/uploads\/2025\/03\/482243625_710342914992606_8537791911888412098_n-1024x768.jpg\" alt=\"\" class=\"wp-image-62\" srcset=\"http:\/\/stmn.tn\/wp-content\/uploads\/2025\/03\/482243625_710342914992606_8537791911888412098_n-1024x768.jpg 1024w, http:\/\/stmn.tn\/wp-content\/uploads\/2025\/03\/482243625_710342914992606_8537791911888412098_n-300x225.jpg 300w, http:\/\/stmn.tn\/wp-content\/uploads\/2025\/03\/482243625_710342914992606_8537791911888412098_n-768x576.jpg 768w, http:\/\/stmn.tn\/wp-content\/uploads\/2025\/03\/482243625_710342914992606_8537791911888412098_n-1536x1152.jpg 1536w, http:\/\/stmn.tn\/wp-content\/uploads\/2025\/03\/482243625_710342914992606_8537791911888412098_n.jpg 1600w\" sizes=\"(max-width: 1024px) 100vw, 1024px\" \/><\/figure>\n\n\n\n<figure class=\"wp-block-image size-large\"><img loading=\"lazy\" decoding=\"async\" width=\"1024\" height=\"768\" data-id=\"61\" src=\"http:\/\/stmn.tn\/wp-content\/uploads\/2025\/03\/484875273_710343148325916_3495131655896860899_n-1024x768.jpg\" alt=\"\" class=\"wp-image-61\" srcset=\"http:\/\/stmn.tn\/wp-content\/uploads\/2025\/03\/484875273_710343148325916_3495131655896860899_n-1024x768.jpg 1024w, http:\/\/stmn.tn\/wp-content\/uploads\/2025\/03\/484875273_710343148325916_3495131655896860899_n-300x225.jpg 300w, http:\/\/stmn.tn\/wp-content\/uploads\/2025\/03\/484875273_710343148325916_3495131655896860899_n-768x576.jpg 768w, http:\/\/stmn.tn\/wp-content\/uploads\/2025\/03\/484875273_710343148325916_3495131655896860899_n-1536x1152.jpg 1536w, http:\/\/stmn.tn\/wp-content\/uploads\/2025\/03\/484875273_710343148325916_3495131655896860899_n.jpg 1600w\" sizes=\"(max-width: 1024px) 100vw, 1024px\" \/><\/figure>\n\n\n\n<figure class=\"wp-block-image size-large\"><img loading=\"lazy\" decoding=\"async\" width=\"1024\" height=\"768\" data-id=\"60\" src=\"http:\/\/stmn.tn\/wp-content\/uploads\/2025\/03\/484745743_710343244992573_6491014351364864493_n-1024x768.jpg\" alt=\"\" class=\"wp-image-60\" srcset=\"http:\/\/stmn.tn\/wp-content\/uploads\/2025\/03\/484745743_710343244992573_6491014351364864493_n-1024x768.jpg 1024w, http:\/\/stmn.tn\/wp-content\/uploads\/2025\/03\/484745743_710343244992573_6491014351364864493_n-300x225.jpg 300w, http:\/\/stmn.tn\/wp-content\/uploads\/2025\/03\/484745743_710343244992573_6491014351364864493_n-768x576.jpg 768w, http:\/\/stmn.tn\/wp-content\/uploads\/2025\/03\/484745743_710343244992573_6491014351364864493_n.jpg 1280w\" sizes=\"(max-width: 1024px) 100vw, 1024px\" \/><\/figure>\n\n\n\n<figure class=\"wp-block-image size-large\"><img loading=\"lazy\" decoding=\"async\" width=\"1024\" height=\"768\" data-id=\"64\" src=\"http:\/\/stmn.tn\/wp-content\/uploads\/2025\/03\/482245269_710343171659247_4527668946832278508_n-1024x768.jpg\" alt=\"\" class=\"wp-image-64\" srcset=\"http:\/\/stmn.tn\/wp-content\/uploads\/2025\/03\/482245269_710343171659247_4527668946832278508_n-1024x768.jpg 1024w, http:\/\/stmn.tn\/wp-content\/uploads\/2025\/03\/482245269_710343171659247_4527668946832278508_n-300x225.jpg 300w, http:\/\/stmn.tn\/wp-content\/uploads\/2025\/03\/482245269_710343171659247_4527668946832278508_n-768x576.jpg 768w, http:\/\/stmn.tn\/wp-content\/uploads\/2025\/03\/482245269_710343171659247_4527668946832278508_n-1536x1152.jpg 1536w, http:\/\/stmn.tn\/wp-content\/uploads\/2025\/03\/482245269_710343171659247_4527668946832278508_n.jpg 1600w\" sizes=\"(max-width: 1024px) 100vw, 1024px\" \/><\/figure>\n\n\n\n<figure class=\"wp-block-image size-large\"><img loading=\"lazy\" decoding=\"async\" width=\"768\" height=\"1024\" data-id=\"63\" src=\"http:\/\/stmn.tn\/wp-content\/uploads\/2025\/03\/482245100_710342804992617_1891605690802393535_n-768x1024.jpg\" alt=\"\" class=\"wp-image-63\" srcset=\"http:\/\/stmn.tn\/wp-content\/uploads\/2025\/03\/482245100_710342804992617_1891605690802393535_n-768x1024.jpg 768w, http:\/\/stmn.tn\/wp-content\/uploads\/2025\/03\/482245100_710342804992617_1891605690802393535_n-225x300.jpg 225w, http:\/\/stmn.tn\/wp-content\/uploads\/2025\/03\/482245100_710342804992617_1891605690802393535_n.jpg 960w\" sizes=\"(max-width: 768px) 100vw, 768px\" \/><\/figure>\n<\/figure>\n\n\n\n<p>Petit retour en images sur le congr\u00e8s annuel de la STMN (\u00e9dition 2024).<\/p>\n\n\n\n<p>Ci joint un extrait des interventions d&rsquo;une partie des orateurs de ce congr\u00e8s :<\/p>\n\n\n\n<figure class=\"wp-block-embed is-type-video is-provider-youtube wp-block-embed-youtube wp-embed-aspect-16-9 wp-has-aspect-ratio\"><div class=\"wp-block-embed__wrapper\">\n<iframe title=\"STMN 10-02-2024 (S\u00e9ance 2 - Partie 1)\" width=\"500\" height=\"281\" src=\"https:\/\/www.youtube.com\/embed\/ebNLek5UEeM?start=1839&#038;feature=oembed\" frameborder=\"0\" allow=\"accelerometer; autoplay; clipboard-write; encrypted-media; gyroscope; picture-in-picture; web-share\" referrerpolicy=\"strict-origin-when-cross-origin\" allowfullscreen><\/iframe>\n<\/div><\/figure>\n\n\n\n<figure class=\"wp-block-embed is-type-video is-provider-youtube wp-block-embed-youtube wp-embed-aspect-16-9 wp-has-aspect-ratio\"><div class=\"wp-block-embed__wrapper\">\n<iframe title=\"STMN 10-02-2024 (S\u00e9ance 1 - Partie 2)\" width=\"500\" height=\"281\" src=\"https:\/\/www.youtube.com\/embed\/yQ2KSIMTHEQ?start=4126&#038;feature=oembed\" frameborder=\"0\" allow=\"accelerometer; autoplay; clipboard-write; encrypted-media; gyroscope; picture-in-picture; web-share\" referrerpolicy=\"strict-origin-when-cross-origin\" allowfullscreen><\/iframe>\n<\/div><\/figure>\n\n\n\n<figure class=\"wp-block-embed is-type-video is-provider-youtube wp-block-embed-youtube wp-embed-aspect-16-9 wp-has-aspect-ratio\"><div class=\"wp-block-embed__wrapper\">\n<iframe title=\"STMN 11-02-2024 (S\u00e9ance 1)\" width=\"500\" height=\"281\" src=\"https:\/\/www.youtube.com\/embed\/ZRWtejqxUU0?feature=oembed\" frameborder=\"0\" allow=\"accelerometer; autoplay; clipboard-write; encrypted-media; gyroscope; picture-in-picture; web-share\" referrerpolicy=\"strict-origin-when-cross-origin\" allowfullscreen><\/iframe>\n<\/div><\/figure>\n\n\n\n<figure class=\"wp-block-embed is-type-video is-provider-youtube wp-block-embed-youtube wp-embed-aspect-16-9 wp-has-aspect-ratio\"><div class=\"wp-block-embed__wrapper\">\n<iframe title=\"STMN 11-02-2024 (S\u00e9ance 2)\" width=\"500\" height=\"281\" src=\"https:\/\/www.youtube.com\/embed\/oNAKtknByMo?start=4182&#038;feature=oembed\" frameborder=\"0\" allow=\"accelerometer; autoplay; clipboard-write; encrypted-media; gyroscope; picture-in-picture; web-share\" referrerpolicy=\"strict-origin-when-cross-origin\" allowfullscreen><\/iframe>\n<\/div><\/figure>\n","protected":false},"excerpt":{"rendered":"<p>Petit retour en images sur le congr\u00e8s annuel de la STMN (\u00e9dition 2024). Ci joint un extrait des interventions d&rsquo;une partie des orateurs de ce congr\u00e8s :<\/p>\n","protected":false},"author":1,"featured_media":0,"parent":0,"menu_order":0,"comment_status":"closed","ping_status":"closed","template":"","meta":{"footnotes":""},"class_list":["post-56","page","type-page","status-publish","hentry"],"_links":{"self":[{"href":"http:\/\/stmn.tn\/index.php\/wp-json\/wp\/v2\/pages\/56","targetHints":{"allow":["GET"]}}],"collection":[{"href":"http:\/\/stmn.tn\/index.php\/wp-json\/wp\/v2\/pages"}],"about":[{"href":"http:\/\/stmn.tn\/index.php\/wp-json\/wp\/v2\/types\/page"}],"author":[{"embeddable":true,"href":"http:\/\/stmn.tn\/index.php\/wp-json\/wp\/v2\/users\/1"}],"replies":[{"embeddable":true,"href":"http:\/\/stmn.tn\/index.php\/wp-json\/wp\/v2\/comments?post=56"}],"version-history":[{"count":1,"href":"http:\/\/stmn.tn\/index.php\/wp-json\/wp\/v2\/pages\/56\/revisions"}],"predecessor-version":[{"id":65,"href":"http:\/\/stmn.tn\/index.php\/wp-json\/wp\/v2\/pages\/56\/revisions\/65"}],"wp:attachment":[{"href":"http:\/\/stmn.tn\/index.php\/wp-json\/wp\/v2\/media?parent=56"}],"curies":[{"name":"wp","href":"https:\/\/api.w.org\/{rel}","templated":true}]}}